of w and q?
1
Suppose -2*x + 4 + 6 = 0. Suppose l + 6 = -2*o - 3*l, 2*l + 13 = o. Calculate the greatest common divisor of x and o.
5
Suppose 3*h - 46 = 164. Calculate the highest common factor of 10 and h.
10
Let w(k) = -k**3 - k + 76. Let m be w(0). What is the highest common divisor of 38 and m?
38
Suppose -133 = -4*z - 65. What is the greatest common divisor of 289 and z?
17
Let h = -44 - -71. Let m = h + -14. What is the greatest common divisor of m and 104?
13
Let x = 78 + -49. Let f = x + -12. What is the greatest common factor of f and 51?
17
Let k = 89 - 147. Let f = -31 - k. Calculate the highest common divisor of f and 135.
27
Let p(c) = -c**3 + 11*c**2 - c + 5. Let y be p(11). Let r = y + 10. Calculate the highest common divisor of 8 and r.
4
Let z = -16 - -30. Let b(s) = -s**3 - 6*s**2 - 3*s - 9. Let m be b(-6). Let j be 34 + (m/(-3))/(-3). What is the highest common divisor of j and z?
7
Let l(o) = o**2 + 5*o - 2. Let v be l(3). What is the greatest common divisor of v and 22?
22
Let l(k) = 45*k**2. Let g be l(-1). Suppose -125 = -4*y - g. What is the greatest common divisor of 220 and y?
20
Let o be (-8)/(-12) + (-70)/(-3). Suppose 4*y + 2*k - 54 = 0, -3*y + 4 + o = 4*k. Calculate the greatest common divisor of 144 and y.
16
Let d(v) be the second derivative of 0 + 2*v + 5/2*v**2 - 1/12*v**4 - 5/6*v**3. Let j be d(-4). What is the greatest common divisor of 18 and j?
9
Suppose -45 = -2*t + h, 3*t + 2*t - 3*h - 113 = 0. What is the greatest common factor of 11 and t?
11
Suppose 3*r + r - 6 = -w, w + 8 = 3*r. Let g(a) = 2*a**3 + 3 + 2*a**2 + a - 1 - 4*a**2. Let q be g(r). Calculate the greatest common divisor of 3 and q.
3
Let x = -5 + 26. Let h = x + -3. What is the greatest common factor of 72 and h?
18
Let g be (20/6)/(1/6). Suppose -9*w = -97 + 7. What is the highest common factor of g and w?
10
Let j be (54/(-5))/((-8)/20). Suppose 0 = 2*l + 2*l - 12. Let o = j - l. What is the highest common factor of 60 and o?
12
Suppose -2*m = -r + 31, 0*m - 110 = -4*r + m. Suppose -4*f + 91 = 4*w + r, -2*f + 24 = -2*w. What is the greatest common divisor of 98 and f?
14
Let r(w) = 11*w - 5. Let p be r(3). What is the highest common divisor of p and 7?
7
Suppose k = -k + 2. Calculate the highest common factor of k and 2.
1
Let q be (-4)/6*-18 + 0/(-2). Calculate the greatest common divisor of 108 and q.
12
Let u = 353 - 128. Let w = u + -64. Suppose -36 = -2*v + 3*s + 13, 4*s = 2*v - 50. What is the greatest common factor of v and w?
23
Suppose 3*c - c = 24. Let h be 2/6 - (-1772)/c. Let v = -88 + h. Calculate the greatest common divisor of v and 24.
12
Suppose 5*z - 3 = 2*z, 5*p - 3*z = 77. Suppose p = 3*c - 2. Calculate the highest common divisor of c and 48.
6
Let y(v) = v**3 - 6*v**2 + 13*v - 32. Let z be y(5). What is the greatest common factor of 128 and z?
8
Suppose 5*p + 0*p + 5 = 0, -5*p = b - 75. Calculate the greatest common divisor of b and 10.
10
Suppose -5*d = -2*h + 129, 3*d - 2 = 13. Calculate the highest common factor of 11 and h.
11
Let c be 1/((-3)/(-12)*2). Suppose k + c*l - 156 = 0, -3*l = 5*k - 556 - 245. Suppose v - k = -v. Calculate the highest common divisor of v and 9.
9
Suppose w + 4 = m, -w - 9 = m - 3*m. Let j = 674 + -378. Suppose -926 = -m*t - j. What is the greatest common divisor of 14 and t?
14
Let a be (-2376)/(-242) + 1 + 18/(-22). Let d = -226 - -318. Suppose 3*k - d + 14 = 3*j, -4*k + j = -101. What is the greatest common divisor of k and a?
5
Suppose y - 14 = 1. What is the greatest common factor of 75 and y?
15
Suppose 4*z - 5*o = 2*z + 33, 0 = 2*z + o - 3. Let i = -1 + 5. What is the highest common factor of i and z?
4
Let y(o) = -3*o**2 - 2*o + 1. Let j be y(4). Let b = 154 + j. What is the highest common factor of b and 11?
11
Suppose 8*u - 219 = 101. Suppose 0*v = 2*v, v - 40 = -4*s. What is the highest common divisor of u and s?
10
Let v(i) = 13*i**2 + 2*i + 1. Let x be v(2). Suppose -h - 3*h + 152 = 0. Calculate the highest common divisor of h and x.
19
Let s(l) be the first derivative of l**3/3 - 5*l**2 - l - 3. Let v be s(11). What is the greatest common factor of 10 and v?
10
Let u be (-4)/10 + (-254)/(-10). Let s be (-12)/(-54) + 1346*(-3)/(-54). Calculate the greatest common factor of u and s.
25
Suppose l + 2*z + 2 = 0, -5*l - 3*z = -0*z + 10. Let q be (-2 + (-36)/8)*l. What is the highest common factor of 104 and q?
13
Suppose 3*u - 437 = -77. Let c(b) = -2*b + 24. Let h be c(-12). Calculate the greatest common factor of u and h.
24
Let u(x) = x**3 + 5*x**2 + 4*x + 2. Let d be u(-2). Suppose q = 2*q - 18. Calculate the highest common divisor of d and q.
6
Let j(i) = 7*i**2 + 6*i - 2. Let n be j(6). Calculate the highest common factor of n and 26.
26
Let o = 14 + 34. Calculate the greatest common factor of o and 16.
16
Let u(h) = h**2 + 11*h - 17. Let y be u(-13). Let z(i) = 49*i + 1. Let o be z(1). Suppose 5 = -5*r + o. Calculate the greatest common factor of r and y.
9
Let v = -5 + 10. Suppose v*o = 2444 - 644. Suppose 0*g + o = 4*g. Calculate the highest common divisor of g and 10.
10
Let h(f) = -f**2 + 6*f + 34. Let v be h(9). Calculate the greatest common divisor of v and 7.
7
Suppose 0*t = t + 3*o - 23, 4*o = -5*t + 82. Suppose -n - t = 13. Let j = n + 60. Calculate the greatest common factor of j and 22.
11
Let r = -11 + 16. Let x be (-4)/20 + 41/r. What is the greatest common divisor of x and 8?
8
Suppose 4*a = 4*n, 4*n - 2 = -2*a + 4*a. Let c be 0/n - (-29 + 1). Suppose -78 + c = -5*b. Calculate the greatest common factor of 10 and b.
10
Let d(q) = -24*q - 7. Let x be d(-3). What is the highest common divisor of 26 and x?
13
Let u = -6 - -5. Let k be -126*(u + (-1)/(-3)). Calculate the highest common factor of 12 and k.
12
Suppose -5*t + 58 = 3*l, 4*t = -0*l + 3*l - 13. What is the highest common divisor of l and 88?
11
Suppose 0 = -49*y + 51*y - 4. What is the greatest common factor of y and 8?
2
Suppose 4*x - 12 = 2*x. Let y be x - (-2 + 2 - 0). Suppose 5*z - 5*b = 90, -54 = -0*z - 3*z - 2*b. What is the highest common divisor of z and y?
6
Let j = 72 - 30. What is the greatest common divisor of 7 and j?
7
Let u be 0 - (-1 + (-2 - -2)). Let i(d) = -d - 1. Let y be i(-3). Let k be y + (1 + -1 - 1). Calculate the highest common factor of u and k.
1
Let x(v) = v**2 + 6*v - 2. Let t = 11 + -19. Let c be x(t). Suppose -2*i - 224 = -4*i. Calculate the highest common divisor of c and i.
14
Let v(u) = 35*u**2 - u - 1. Let m be v(2). Suppose -5*j - 28 - m = 0. Let n be 8/(-6)*j/2. What is the greatest common divisor of n and 198?
22
Let p be (-1 - -2)/(6/42). Calculate the greatest common factor of p and 1.
1
Let s = -151 + 243. Calculate the highest common factor of s and 46.
46
Let v be (-5 + 2)*22/(-3). Suppose -5*r - 167 = h, -h = -7*r + 2*r + 127. Let b = -92 - h. Calculate the highest common factor of v and b.
11
Suppose 3*u + 4 = -v + 20, -5*u = 3*v - 24. Let d = 62 + -54. Let i = d - u. What is the highest common divisor of i and 3?
1
Let x(m) = 5*m**2 + 8*m + 12. Let o be x(-4). What is the greatest common factor of 90 and o?
30
Let z = 17 + -11. Calculate the greatest common divisor of z and 15.
3
Suppose -t = -5*j - 5, 2*j - 7*j = 3*t + 5. Suppose 5*v + t*v = 20. Let o be (-2)/v + (-222)/(-4). What is the greatest common divisor of 22 and o?
11
Suppose 4*r + 196 = 5*p, -p + 5*r + 75 = 19. Suppose 0*w - 12 = -3*w. What is the highest common factor of w and p?
4
Let q = 143 + -100. Suppose -20 = -5*g, 2*t + 2*g - q = -9. Suppose 5*n = -2 - t, -4*r + n = -99. Calculate the highest common factor of 60 and r.
12
Suppose 7*j + 4 = 8*j. Let d = -1 - -5. Calculate the greatest common factor of d and j.
4
Let i(q) = 50*q**2 - q - 3. Let c be i(-3). Let j = c - 307. Let f = 43 + -30. What is the greatest common divisor of j and f?
13
Let o(f) = -19*f - 31. Let h(n) = 3*n + 5. Let w(a) = -39*h(a) - 6*o(a). Suppose 3*g + 22 = 4. Let q be w(g). Calculate the highest common divisor of 9 and q.
9
Let q(z) = -2*z**2 + 3*z + 4. Let r be q(3). Let v be r/(75/18)*-15. What is the highest common factor of 12 and v?
6
Suppose 6*c - 25 = c. Suppose 2*q - 15 = c. Let m = q + -6. What is the highest common factor of 6 and m?
2
Let x(a) = -6*a**3 + 2*a**2. Let b be x(-2). Suppose -6*s - 56 = -10